 + 16*p. What is the remainder when p is divided by 3?
0
Suppose 2*w + 2*m = 5*m + 23, 3*m - 3 = 0. Calculate the remainder when 375 is divided by w.
11
Suppose -21*h + 24*h - 6 = 0. Suppose -3*q + 36 = 3*c, h*q - c = 6*q - 60. Calculate the remainder when q is divided by 34/4 - (-3)/6.
7
Suppose -537 = -5*y - 0*l - 4*l, y + 3*l = 103. Let r = 26 - -32. Let j = -30 + r. Calculate the remainder when y is divided by j.
25
Let x = -188 - -292. Suppose 1 - 11 = -2*n. What is the remainder when x is divided by n?
4
Suppose h - 17 = -4*m, 0 = -2*h + 3*m - 3 - 18. Let i be 5/3*3 + h. What is the remainder when 6 is divided by (-8)/i - (-5 + -2)?
0
Let m(v) = v**3 - 8*v**2 - 8*v + 1. Let c be 1*(8 - -2) + -1. Calculate the remainder when 48 is divided by m(c).
8
Suppose -312 = -v - 2*v. Let o(y) = -y**2 - 51*y + 427. Calculate the remainder when v is divided by o(-58).
20
Let j(f) = 5*f**2 + 9*f - 24. Suppose -106 = -6*p + 4*p. What is the remainder when p is divided by j(2)?
11
Let b = 279 - 256. What is the remainder when 87 is divided by b?
18
Let b be 294 + 0 - (-6)/2*-1. Suppose -3*x = -k - x + 63, 0 = -5*k - 2*x + b. Calculate the remainder when k is divided by 21.
17
What is the remainder when (-6)/117 + 1390092/2574 is divided by 14?
8
Let m = 18 - 9. Let j = 153 + -84. What is the remainder when j is divided by m?
6
Let f(z) = 6 - 2 + 4 - 8*z + 7*z. Let y be f(10). What is the remainder when ((-1)/y)/(7/700) is divided by 13?
11
Suppose -1 + 10 = 3*l. Suppose -l*w = -6 - 24. Let f(h) = 2*h**2 + 7*h + 9. What is the remainder when f(-6) is divided by w?
9
Suppose 5*g - 56 = -3*b, 0*b + 2*b = -6. Suppose -g*w + 18 = -10*w. What is the remainder when 58 is divided by w?
4
Let n(q) = -12*q. Let u be n(9). Let i = -61 - u. Calculate the remainder when i is divided by 17.
13
Suppose 0 = -26*o + 22*o + 140. Calculate the remainder when 110 is divided by o.
5
Suppose -268*o = -265*o - 30. Calculate the remainder when o is divided by 10.
0
Let a = 8 + -3. Let d = -7 + 49. What is the remainder when d is divided by 10 + (3 - a - (-4 - -1))?
9
Let s be -2 + (1 - 1) - -1 - 9. Let w(i) = -6*i - 22. What is the remainder when 68 is divided by w(s)?
30
Let o be 2/(-10) - 153/(-15). Suppose -w - 17 = -4*p, 5*p + 0*w = -w + o. Suppose 2*b = -p*b + 220. What is the remainder when b is divided by 12?
8
Let t(d) = -7*d**3 - 2*d**2 + d. Let f = 17 - 16. Let l be t(f). Let m = l - -26. Calculate the remainder when 51 is divided by m.
15
Suppose -75 = -3*f + 6. Let o be (87/6 - -1)*16/4. Let x = o - 52. What is the remainder when f is divided by x?
7
What is the remainder when (-21176)/(-28) - (-28)/(-98) is divided by 69?
66
What is the remainder when 858/8 + (-2)/8 is divided by (-1062)/(-885)*45/2?
26
Let h(w) = 164*w - 454. Calculate the remainder when 102 is divided by h(3).
26
Let g be (-2)/(4/((-4)/(-2))). Calculate the remainder when g*4 + (0 - -5)*39 is divided by 16.
15
Suppose 19*t = 32*t - 143. Calculate the remainder when 195 is divided by t.
8
Suppose 20*c - 19*c - 158 = 0. What is the remainder when c is divided by 81?
77
Suppose g = -2*z + 11, 2*z + 38*g - 36*g = 12. Calculate the remainder when 48 is divided by z.
3
Let i(j) = j**2 + 14*j + 54. What is the remainder when i(-11) is divided by 12?
9
What is the remainder when 1*1/(-2)*-34 is divided by 9?
8
Suppose -10*a = -21 - 189. Calculate the remainder when 56 is divided by a.
14
Suppose u = -4*t + 892, -2*u - 1471 = -5*t - 369. Let s = t + -165. What is the remainder when s is divided by 10?
7
Let p(t) = -t**2 + 10*t - 3. Suppose -10*n = 42 - 132. Suppose 0 = 2*x + 6, 4*j + n = 5*x + 48. What is the remainder when p(5) is divided by j?
4
Suppose -4*l - 305 = -3*s + 438, -3*l = -s + 246. Let a(y) = y**3 + 6*y**2 - 9*y. What is the remainder when s is divided by a(-7)?
11
Let u(j) = j - 5. Let b be u(7). Suppose b*p = 3*t - 160, -2*t - 4*p = -p - 85. Calculate the remainder when t is divided by 11.
6
Let p(q) = q**2 + 9*q + 44. What is the remainder when p(-10) is divided by 19?
16
Suppose -3*r = -5*q - 175, 2*q - 4*r + 175 = -3*q. Let u = 92 + -115. Let b = u - q. What is the remainder when 69 is divided by b?
9
Suppose 0 = 3*d + 7 - 31. Let x(o) = -5*o + 316. What is the remainder when x(57) is divided by d?
7
What is the remainder when (-72999)/(-72) + (-2)/(-16) is divided by 9?
6
Let j = 1532 - 1327. What is the remainder when j is divided by 199?
6
Suppose 2 + 13 = 5*l, 4*s - 11 = 3*l. Suppose 14 = 2*m + 2*r, m - r + 9 = 26. What is the remainder when m is divided by s?
2
Let d(w) = -w**3 + 3*w**2 + 5*w + 51. Calculate the remainder when 147 is divided by d(5).
17
Let x be 2/(-10) + 316/5. Let z = -33 + x. What is the remainder when 118 is divided by z?
28
Let m(s) = -s**3 - s**2 + 25. Let v be 0/((-4 - -2)*1). Let i be m(v). Let b = i + 9. Calculate the remainder when 65 is divided by b.
31
Let r = -27 - 10. Let o = r + 50. What is the remainder when 61 is divided by o?
9
Let r = 309 + -132. Let m = r - 100. What is the remainder when m is divided by 27?
23
Suppose 0 = -o + 3*x + 12, -11 = -5*o + 3*x + 25. Suppose -o*b = 14 - 44. Calculate the remainder when 21 is divided by b.
1
Suppose -4*i - 5*q + 6 = 0, -3*q + 8 = -4*i + 2*i. Let p be (i - 8)/((-12)/16). Let u(k) = k**2 - 13*k + 14. Calculate the remainder when u(p) is divided by 2.
0
Let z(v) = 5*v**2 - 3*v + 2. Suppose -i + g = -4, i = 3*i + g + 7. Calculate the remainder when z(3) is divided by ((0 + -1)*i)/(2/16).
6
Let a be 2 + (-2 - -26 - 4). What is the remainder when 2 is divided by a/209 - (-34)/38?
0
Suppose -29*t + 32*t + 5*y = 129, -43 = -t + 4*y. Let o(b) = -b**2 + 7*b - 1. Calculate the remainder when t is divided by o(5).
7
Suppose -2*q = -5*f - 4*q + 690, -3*q + 690 = 5*f. Calculate the remainder when f is divided by 72.
66
Suppose -19 - 29 = -4*q. What is the remainder when 36/63 + 136/7 + -3 is divided by q?
5
Let a be (1/(-3) - (-633)/9) + 0. Suppose -a = 6*r - 1072. What is the remainder when r is divided by 42?
41
Let v be (-30)/(-14) - 3/21. Let d(c) = 7*c**2 + 1. Calculate the remainder when d(v) is divided by 15.
14
Let d = -124 - -133. What is the remainder when 43 is divided by d?
7
Let o = 10 + -6. Let m(r) = 19*r - 5. Let c be m(o). Suppose 4*d - c = -27. Calculate the remainder when d is divided by 7.
4
Let o = -179 + 248. Calculate the remainder when o is divided by 15.
9
Let k be (-1 + (-9)/(-6))*-2. What is the remainder when k + 79 + 6/(-3) is divided by 26?
24
Let h = -4 - -4. Suppose -y + h*y = -18. Calculate the remainder when 32 is divided by y.
14
Let u(x) = 2*x**2 + 9*x - 28. Suppose -5*z + 28 + 25 = 2*m, 0 = 3*z - m - 23. What is the remainder when u(z) is divided by 36?
35
Let h = 1881 - 1859. What is the remainder when 426 is divided by h?
8
Let m be 2/5*(-980)/7. Let d = 102 + m. Let w(y) = y**2 + 3*y + 6. What is the remainder when d is divided by w(-6)?
22
Let b be 0 + (1 - 1) + 0. Suppose -5*r - 460 = -b*r. What is the remainder when 66 is divided by (r/12)/(1/(-3))?
20
What is the remainder when 1/(-2)*-668 - 40/20 is divided by 48?
44
Calculate the remainder when 137*((-6)/(-4))/(4/8) is divided by 7.
5
Let f be 16/40 + (-2 - 13/(-5)). Let l(d) = 45*d**3 - 2*d**2 + d. What is the remainder when l(f) is divided by 5?
4
Suppose 22 - 56 = -2*d. Calculate the remainder when 21 is divided by d.
4
Let u(l) = -27 - 9*l - 4*l + l + 2*l**2. Calculate the remainder when u(11) is divided by 28.
27
Calculate the remainder when 7 + -14 - -115 - (5 - 0) is divided by (-254)/(-10) + (-3)/(-5).
25
Calculate the remainder when (2550/38 - -2) + (-10)/95 is divided by 10.
9
Let o = -555 - -591. Let l(n) = 2*n - 6. What is the remainder when o is divided by l(7)?
4
Let j(z) = z**2 - 6*z + 1. Let h be j(6). Let b be ((-3)/h)/3 + 17. What is the remainder when ((-46)/(-4))/(b/32) is divided by 13?
10
Suppose 0*g = g + 4*k - 64, 3*g = 3*k + 207. Let w = g - 42. Suppose 3*p - 6*p - 15 = -a, 3*a - 9 = -3*p. What is the remainder when w is divided by a?
2
Calculate the remainder when ((-6)/5)/(5/(-250)) is divided by -6*((-42)/9 - -2).
12
Suppose 2*w = 7*w - 15. Suppose -a - 95 - w = 0. Let d = a + 167. Calculate the remainder when d is divided by 18.
15
Suppose 22*w - 17*w = 15, 0 = h - 3*w - 22. Let u = -21